y + 4189 = 0, -4*v - y - 1751 = 1599. Let s = -629 - v. What is the remainder when s is divided by 23?
1
Suppose -19*r - 48*r + 37319 + 6767 = 0. Calculate the remainder when r is divided by 210.
28
Let y(s) = -s**2 - 2*s + 6. Let h be y(-7). Let f = h - -34. Suppose -v + 4*w = -19, 4*w + 21 = f. Calculate the remainder when 6 is divided by v.
0
Let t = -5357 + 5631. Calculate the remainder when 831 is divided by t.
9
Suppose 10*g - 18*g + 48 = 0. Suppose 23 = -g*w + 137. Let v = 148 + -73. What is the remainder when v is divided by w?
18
Suppose 5*f + 14 = -y - 0*f, -5*y - 4*f = 28. Let l(a) = a**3 + 5*a**2 - a + 1. Let p = -251 - -258. What is the remainder when l(y) is divided by p?
0
Let b(d) = -2*d**3 - 6*d**2 + 6*d - 4. Let z(t) = t**3 + 4*t**2 - 4*t + 3. Let l(q) = -5*b(q) - 8*z(q). Calculate the remainder when l(3) is divided by 10.
8
Let q(c) = 480*c + 3563. What is the remainder when q(-7) is divided by 17?
16
Suppose 100*j + 20 = 95*j. What is the remainder when (j*85/(-20))/(4/36) is divided by 39?
36
Let l(n) = 804*n - 195. Calculate the remainder when l(1) is divided by 149.
13
Let d(h) be the third derivative of 0 - 3*h**2 + 0*h + 1/4*h**4 - 19/2*h**3. Calculate the remainder when 15 is divided by d(11).
6
Suppose 7*m - 3*m = 4*b - 12, -4*b = 5*m - 30. Suppose 0 = 4*n + m*l - 209 - 215, 0 = 3*n + 5*l - 311. Calculate the remainder when n is divided by 18.
17
Suppose 0 = -q + 544 - 90. Suppose -459*d + q*d = -85. What is the remainder when 96 is divided by d?
11
Let l = 76 + 46. Let q = l + -31. Suppose -q + 11 = -4*h. What is the remainder when h is divided by 11?
9
Let x(a) = -a**2 + 102*a - 45*a - a**3 + 3 - a**2 + 0*a**3 + 0*a**3. What is the remainder when x(6) is divided by 4?
1
Suppose 0*a - 3*f = -4*a - 150, 2*f = 4. Let r = a - -38. Suppose 0 = r*q - 4*t - 30, 6*t + 9 = 3*t. Calculate the remainder when 33 is divided by q.
6
Calculate the remainder when 2075 is divided by (-98 - -96)*(-14)/4.
3
Let w(u) = 3*u**2 - 127*u + 71. What is the remainder when 300 is divided by w(42)?
10
Suppose 4*u - 3*g = -16, -3*u + g - 2*g - 12 = 0. Let j(x) = 7*x - 7. Let q be j(u). Let p = q - -49. Calculate the remainder when 25 is divided by p.
11
Let y(l) = l**2 - l + 2. Let t be y(3). Let u(m) = 3*m - 19. Let q be u(t). Suppose -q*o - 49 = -344. Calculate the remainder when o is divided by 12.
11
Let v = -199 + 547. Suppose 5*x + v = 33. Let u = x + 100. What is the remainder when 108 is divided by u?
34
Let w be -18 + 21 + 0/(2 - -2). Calculate the remainder when 4/w - (-1428)/36 is divided by 25.
16
Suppose -99*o + 551 = -11814 - 6445. Calculate the remainder when 1132 is divided by o.
182
Let p(r) = -685*r + 7543. Let y = -21 - -33. Calculate the remainder when y is divided by p(11).
4
Let m(u) = -26*u - 145. Let p be m(-22). Suppose 5*t - 4*t - 31 = 0. What is the remainder when t is divided by -3 + 162/48 - p/(-56)?
7
Suppose -4*n = q - 37, n - q = -3*q + 18. Let f be (-25)/(-20) - (-297)/12. Let k(r) = r**3 - 26*r**2 - r + 40. What is the remainder when k(f) is divided by n?
6
Let q = 3598 - 3580. Calculate the remainder when 915 is divided by q.
15
Suppose -133*v + 82 = -131*v - 2*r, 0 = 5*r + 20. Suppose -4*y = -127 - 13. What is the remainder when y*2 - (0 + 1) is divided by v?
32
Let f(j) = 54*j**2 - 4*j + 3. Suppose 4*n = 3*x - 42, -5*x - 2*n + 70 = -n. Calculate the remainder when f(1) is divided by x.
11
Suppose 28018 + 36662 = 245*h. What is the remainder when 1269 is divided by h?
213
Let z(t) = -2*t**3 - 59*t**2 - 4*t + 140. Let b be z(-47). What is the remainder when b/207 + 6/(-69) is divided by 47?
46
Suppose -4*y - 24*t = -26*t - 1302, -1633 = -5*y - 3*t. What is the remainder when y is divided by 33?
29
Suppose -255*i + 3660 = -240*i. Let m = 331 - i. Suppose -2*s = y - 18, -5*s = -y - 51 - 1. Calculate the remainder when m is divided by s.
7
Suppose 9334 = 28*l + 7570. Calculate the remainder when (-6160)/(-25) - 2/5 is divided by l.
57
Suppose -14*k - 1015 = -18*k + 3*t, 4*k + 3*t - 985 = 0. What is the remainder when 646 is divided by k?
146
Suppose -4788*s - 8530 = -4798*s. Calculate the remainder when s is divided by 39.
34
Suppose -3*s + 87 = v, 42*v = 46*v + 5*s - 348. What is the remainder when v is divided by 4?
3
Let g be 2/((-540)/(-792) + (-4)/22). Suppose 4*n + 10 = r + 3, 0 = -g*r - 5*n + 7. What is the remainder when 59 is divided by r?
2
Suppose -r - 2*r = 2*w - 73, 5*w = -r + 20. Suppose 2*v = 5 + 1. Suppose -q + 91 = -2*u, -3*u = -0 - v. Calculate the remainder when q is divided by r.
18
Let k = 586 - 387. Let s(r) = -24*r + 500. What is the remainder when k is divided by s(20)?
19
Let r be ((-10)/(-3))/((-28)/(-42)). Let b be (31/r)/(5/25). Let h = b + 12. Calculate the remainder when h is divided by 12.
7
Let l(b) = b**2 + 10*b - 471. Calculate the remainder when 382 is divided by l(-30).
124
Let r(b) = -7*b - 238. Suppose c = 5*d - 2*c - 5, -4*c + 16 = -d. Calculate the remainder when d/3*(-234)/(-12) is divided by r(-36).
12
Suppose -3*b + 0*b - 22 = 5*a, 4*b - 4*a - 24 = 0. What is the remainder when 50 is divided by 3/7 - (-288)/14*b?
8
Suppose -5*y + u + 332 + 2732 = 0, -4*y - 5*u = -2486. What is the remainder when y is divided by 200?
14
Suppose -13*u + 96 - 18 = 0. Suppose -t + 17 = 5*i, t + 4*i - 18 = -1. Calculate the remainder when t is divided by u.
5
Suppose -8 = 5*s + 127. Let p = s + 30. Calculate the remainder when 3*(-1)/p + 19 is divided by 5.
3
Let c = -89 + 144. Let p(k) = k**3 + k**2 - 9*k + 1. Let a be p(0). Calculate the remainder when c is divided by (-8)/(-80)*145 + a/(-2).
13
Let r(m) = -m**3 + 14*m**2 + 3*m - 45. Let q be r(14). Calculate the remainder when q/7 + 3480/84 is divided by 11.
8
Let r(p) = -p**2 + 8*p + 2. Let d be r(4). Let b = 5 + d. Let l(x) = x**2 + 2*x - 4. What is the remainder when l(6) is divided by b?
21
Let b = -464 + 802. Suppose -108 = b*k - 344*k. What is the remainder when 122 is divided by k?
14
Calculate the remainder when 538 is divided by 8 - 4*(4 + 231/(-6)).
100
What is the remainder when (5 + -1*(-8764)/21)/(4/12) is divided by 251?
12
Let v(h) = -h**3 + 2*h**2 + 8*h + 3. Let g be v(4). Let a be -1*g/(1/9 - 0). Let f = a - -56. What is the remainder when f is divided by 15?
14
Let y = -143 - -159. Suppose 0 = -0*r - 8*r + y. Calculate the remainder when 35 is divided by r.
1
Suppose 76*l + 86 - 326 - 976 = 0. Calculate the remainder when 250 is divided by l.
10
Let h = -79 - -103. Let b(w) = 2*w**2 + 33*w + 6. Let s be b(-16). Let v(d) = -d**3 - 11*d**2 - 19*d + 4. Calculate the remainder when v(s) is divided by h.
22
Suppose -12598 = -51*i + 34220. What is the remainder when i is divided by 334?
250
Let k = 1437 + -1143. What is the remainder when 890 is divided by k?
8
Let y be (-8)/(-48) - (-398)/(-12). Let b = -195 - -294. Let q = b + y. What is the remainder when q is divided by 14?
10
Let h(v) = -339*v + 167. Calculate the remainder when h(-3) is divided by 101.
73
What is the remainder when -5 - (549458/(-910) + (-1)/(1 + 4)) is divided by 199?
2
Let j(x) = x**2 - 57*x + 562. Let d(k) = 3*k**2 + 2*k - 4. What is the remainder when d(-4) is divided by j(45)?
14
Let l(a) = a**3 - 39*a**2 - 323*a + 126. What is the remainder when 346 is divided by l(46)?
26
Let j = -136 - -189. Suppose -5*h + 32 = -j. What is the remainder when 305 is divided by h?
16
Suppose 63*y - 167010 + 36985 = -112*y. Calculate the remainder when 2991 is divided by y.
19
Let j = -167 + 165. Calculate the remainder when (j/6 + 1)/((-1)/(-642)) is divided by 39.
38
Let l(h) be the second derivative of h**4/6 - 11*h**3/3 + 52*h**2 - 72*h. Calculate the remainder when l(10) is divided by 19.
8
Let l be -5 + ((-12)/5)/((-44)/7370). Let o = l + -315. What is the remainder when o is divided by 57?
25
Calculate the remainder when (-3)/(-18)*-6 + (-10 + 3)*-123 is divided by 216.
212
Let p = -89 + 95. Calculate the remainder when 384/12 + (6 - 1) + -2 is divided by p.
5
Let h(t) = -t**2 - 44*t + 378. Calculate the remainder when 57 is divided by h(-51).
15
Let g = -345 + 357. Let s(y) = -3*y + 17. Calculate the remainder when s(0) is divided by g.
5
Let f be 2/2 + 17/(51/90). Suppose k = 2*k + d + f, -k - 3*d = 29. What is the remainder when (k/10)/8*-80*1 is divi